culate 4534 + -4435 + -52 + 1.
48
Evaluate -1 + -18 + 9 - (28 + -17 + -3 + 10).
-28
Calculate 1 + (4 - 14) - 94 - (14 - 25).
-92
What is 7 + -5 + (-23 - -3 - (-1 + (14 - 9)))?
-22
Evaluate 364 + -355 + -28 + 0.
-19
What is (13 - 2) + -35 + -30 + 57 + 29?
32
What is the value of (57 - (114 + -17)) + -16?
-56
What is 12 + (-13 + 1 - (-85 - -87))?
-2
Evaluate 2 + 15 + (-43 - -28).
2
What is 3 - 11 - (-53 + 45 + -2 + 22)?
-20
What is -49 + -5 + -135 + 185 + -87 + 2 + -3?
-92
What is the value of -4 - (-5 - ((-2 - -10) + -8 + -7))?
-6
Evaluate (373 - 413) + (2 - -58).
20
(5 - -11) + 19 - 70
-35
575 - 569 - (93 - 2)
-85
-2 + 1 + -4 + -28 + -29 + (-15 - 6)
-83
What is 2 + 67 + -2283 + 2171?
-43
What is -38 + (62 - (-3 - 16))?
43
-9 - (-109 - (39 + -37 + (1 - -12) + -10))
105
What is the value of (-65 - (62 + -132) - (6 - -1) - -1) + 56?
55
What is the value of 2 - ((-6 - 3) + 6) - (-18 + -17)?
40
0 + -30 - (32 + -20 + (9 - (-8 - -32)))
-27
Evaluate -1061 + 1007 - (-25 - 0).
-29
Evaluate 47 - 21 - (224 - 314).
116
(86 - 124) + 89 + -5
46
What is the value of -9 + 0 - (-66 - (-7 - -7 - 4 - 7))?
46
What is the value of (8 - 1) + 37 + 20 + -20 + -25?
19
0 + 8 + 43 + -50 - (-1 + 4)
-2
Calculate 11 + (-8 + (-10 + 2 - (2 + -12)) - 16).
-11
What is (13 - 4) + (-1 - 13) + -33 + 36?
-2
Evaluate 4 - 1 - (-97 + 6 + 137).
-43
What is (9 - 2) + (2 + 2 - (11 - 13 - -6))?
7
Calculate (86 - (88 + -20)) + (-2 - 29).
-13
What is the value of -194 + 161 - (-120 + 21)?
66
Evaluate -57 + (-67 - -117) + -54.
-61
Evaluate -131 + 136 + (-2 + -6 - (0 - (-125 + -5))).
-133
Evaluate (17 - -5) + -1 + (7 + -3 - 0 - -9).
34
What is -46 + (15 - 18 - -70)?
21
What is -32 + 0 - (1 + -15 - -29 - 5)?
-42
Evaluate 10 + -104 + (86 - 31).
-39
Evaluate (3 + (8 - -5) - 6) + 12.
22
What is the value of -1349 - -1311 - (0 - 73)?
35
What is 1 - 79 - (-2393 + 2420 + (-29 - 0))?
-76
Evaluate 53 + -21 + 30 + (2 - -4).
68
What is 140 + -107 - (-5 - -39)?
-1
Evaluate -20 - (1733 - 1738 - (0 - ((5 - 3) + 1))).
-18
What is the value of 8 + 2 + 12 + -3 + -15 - -12?
16
What is the value of (5 + -14 - -39) + 133 + -111?
52
What is the value of -1534 + 1525 - (1 + 14)?
-24
What is the value of (64 - (45 - 6)) + (0 + 2 - 14)?
13
15 + -1 + (62 - 140) + 96
32
Evaluate (4 - -1) + 1 - (-14 - -16 - (-3 - 50)).
-49
Evaluate 43 - (19 + (-41 - (4 + -25))).
44
Evaluate -305 + 95 - (46 - 138).
-118
What is (16 - (0 - 6)) + -18 - 7?
-3
What is -147 + 131 + 6 - (1 + -16 - 2)?
7
What is (-12 + 57 - 7) + -12?
26
Evaluate -57 + 59 - (68 + -26).
-40
What is the value of (-17 + 19 - -84) + -24?
62
-21 + 6 + -2 + -36 + 26 + 12
-15
What is -61 + -15 - (-226 - -191)?
-41
What is the value of (0 - 5) + 0 - (-3 - 106 - (7 - 61))?
50
Evaluate -1 - 124 - (787 + -823 + (8 + -3 - -23)).
-117
-35 - 1 - (-53 + 110 - 25)
-68
Calculate 28 - (37 - -6 - 10).
-5
What is the value of -9 + 7 + -3 + -6 - (21 + 1)?
-33
Evaluate 52 + (-14 - (-14 + 14) - 0).
38
What is (-12 + 2 - (10 - 17)) + -3 + 3?
-3
What is 20 + 19 + -39 + (72 - 14)?
58
(0 - 0) + (35 + -8 - (-28 + 32))
23
What is the value of ((138 - 138) + 11 + -2 - -41) + -5?
45
What is -86 - (-43 - -24 - -13) - -18?
-62
Evaluate 2 + -6 + -2 + -1 + -746 + 744 + 69.
60
Evaluate (16 - (-12 - -37)) + (6 - -7).
4
What is 23 + -106 + 62 + (2 - (-3 + 7))?
-23
Calculate -35 + (-8 - -56) + 28.
41
Evaluate 60 + -23 - (-366 + 403).
0
What is the value of 604 + -669 + (-8 - -144)?
71
Calculate (2 - 42) + -568 + 592.
-16
-22 - -1 - (-43 + (-87 - 23) + 45)
87
(-123 - (-67 - 48)) + -1 + -1 + -2
-12
Calculate 2 + (84 - 85) + (-2 - 3 - -8).
4
Evaluate -1 - (0 - -1) - (-316 - (133 + -514)).
-67
What is the value of 5 + (2 - 37 - (-23 + -34 + 62) - -7)?
-28
What is (37 - 82 - -32) + 0 + 77?
64
What is 113 + -267 + 179 - 174?
-149
What is the value of (-126 - 4) + (-5981 - -6043)?
-68
Evaluate -8 - (-440 + 420 + 1 + -1 + -4 + 1).
15
Evaluate (-17309 - -17335) + (-2 - (2 - 38)).
60
What is 4 + (0 + 0 - (46 + -58)) + -10?
6
Calculate 62 + (0 - (32 + -9)).
39
Evaluate 6 + (1 - 6 - (29 + 9 + -42)).
5
Evaluate (-3 + 0 - 94) + (32 - (18 + 17)).
-100
(-76 - -59) + 34 - (57 + 3)
-43
Calculate (68 - (-12 - -20)) + -80 + 77.
57
-25 + 13 - -12 - (-4 + -14 - -34)
-16
What is the value of -7 - ((6 - 42 - -56 - (1 - 0)) + 1)?
-27
What is the value of 26 + (-39 - -17) + 19 + 71 + 3?
97
What is (205 - 224) + 0 + 62 + 18?
61
Evaluate -1 + 3 + -53 + -1 + (4 - (54 + -57)).
-45
What is the value of 14 - (74 + -17 + -26)?
-17
23 - (65 + -38) - (39 + -2)
-41
Evaluate 1595 + -1503 - (12 - (3 + 0 + -2)).
81
What is the value of -18 + 31 - 31 - -34 - -49 - 16?
49
What is -121 + 5 - (10 + (-16 - (-23 + 11)) - 14)?
-108
What is the value of (-44 - (0 + -2)) + (7 - -9 - 16)?
-42
What is 53 + 37 + -109 - (-35 - (2 - 0))?
18
Evaluate -5 + -1 + 2 - (-638 - -716 - (-1 + -5)).
-88
What is the value of 38 - (-20 - ((-44 - -31) + -26))?
19
What is the value of -10 + 14 + 2 + (7 - 13) + -7 - -18?
11
What is the value of -30 + 0 + (-1683 - -1737)?
24
Calculate (53 - 0) + 140 + -162 - 16.
15
What is 17 - (-4 + -15 + 8 + 16)?
12
What is (-166 - -206) + -10 + (-1 - -4)?
33
1 + (5 - 1) - (1525 + -1524)
4
Calculate (-2 + (17 - 12) - -19) + -58.
-36
What is (36 - 15) + 9 - (-1 - -11)?
20
What is 0 - -2 - 3 - (-5507 - -5500)?
6
Evaluate (78 + -6 + -70 - (-62 - 1)) + 23.
88
-48 - (1 + 26) - (6 + -27)
-54
Evaluate 15 + (-25 - (20 - 36)) - (-50 - -4).
52
Evaluate 71 - (-4 + 2 + -1 - ((-20 - -8) + 9)).
71
0 - 24 - (8 + 4 - 18 - -11)
-29
What is -67 - (32 + (25 - 78))?
-46
Calculate 53 + 77 + -48 + -133.
-51
Calculate 13 - (4 + -1 + 18).
-8
What is the value of -6 - (2 + 6 + -8) - -19?
13
Calculate 16 + (-4 - -16 - 28) + 11 + -15.
-4
What is the value of 22 - ((14 - 28 - -22) + -58)?
72
8 - ((26 - 12) + -7 + 2 + 22)
-23
What is the value of -56 - ((10 - 3 - 9) + -8 + 8 + -4)?
-50
Calculate 2 + -21 + 25 - (145 - 190).
51
Calculate (-75 - ((2 - 32) + 2)) + -36.
-83
-7 + 0 + -2 + 5 + (196 - 195) - -8
5
What is 1550 - 1572 - (70 - 2)?
-90
Calculate (34 - 82) + 105 + (-14 - -4).
47
What is ((-10 - (-15 - -5)) + -3 - -76) + 16?
89
What is the value of (1 + 6 - (93 - 83)) + -29 + (-1 - 0)?
-33
Calculate (0 - (4 - 5)) + (-645 - -680).
36
What is 13 - 33 - -5 - (-39 + -27)?
51
Evaluate 2 + -1 + -1 + -2 + (-79 - -85) + -2.
2
What is -123 + (58 - 32 - -70)?
-27
Calculate 1 + 1 - (9620 - 9646).
28
4 + (-460 - -455 - (17 + (-3 - -7)))
-22
What is the value of 3 + (-10 + (-2 - -2) - (12 - -34))?
-53
Calculate -96 - (-109 + 37) - -69.
45
What is 2 + (3 - (1 + -3)) - (-246 - -130 - -219)?
-96
-7 + (17 - (6 - 7) - 72)
-61
Calculate -6 + -7 + 5 - (-174 + 175).
-9
What is 10 - (1 - (-10 + (2 - 0))) - -11?
12
Calculate 9 - (1 - -1 - (29 - 26 - -23) - -8).
25
Evaluate (2 - -6 - -11) + (6 - (-1 + 9 - 6)).
23
Evaluate -2 - 15 - (-1318 + 1300).
1
What is the value of 23 + (13 - 30) + (-4 - (67 + -4))?
-61
What is 3 + -3 + 107 + -161 - (0 + 7)?
-61
Calculate 10 + (101 + -155 - (15 - -1)) + 12.
-48
-12 - (0 + -49 + -3 + 25 + -19)
34
What is the value of -715 + 692 + 29 + 1 + -4?
3
Calculate -170 + (126 - -65) + (88 - (1 + 1)).
107
-14 - (14 + (-51 - -7))
16
2 - 12 - -20 - (-10 + 33 + -10)
-3
Evaluate (-21 - -13) + (2 - (4 - 129 - 1)) + -13.
107
986 - 1026 - (-99 - -2)
57
Evaluate 24 + (-18 + 55 - 73).
-12
2 + (-28 - (-23 - (8 + -9))) - -94
90
-47 + (-8 - -116) + -55
6
0 + -1 + -11 + -2 + -35 + 33
-16
Calculate 8 + 5 + 8 + 17 + -59.
-21
(1 - (1 - 1)) + (-33 - (-9 - -2 - 1))
-24
Evaluate 240 + -172 + (-42 - 7).
19
Calculate (-11 + 4 - 0) + -14 + 88.
67
What is (-1 - -35) + 9 + -57 + 52?
38
-6 - ((-5 - 15) + 2 - -15)
-3
Calculate -30 - (-2 + (5 - -20)).
-53
Calculate 0 + 5 + 5 + 773 + -900.
-117
Calculate (0 - -4) + (-121 + 194 - ((4 - 5) + 0)).
78
What is (-76 - -42) + -33 + 68?
1
-58 + -1 - ((-1 - -15) + (32 - (-37 - -87)))
-55
What is the value of 38 + (39 - 94) - 117?
-134
(-11 - -28) + -11 + -16 + (2 - 38)
-46
Calculate 75 - 114 - -38 - 40.
-41
29 + (-29 - -30 - 11) + 41
60
(50 + 58 - 3) + -54
51
What is the value of 60 + 40 + -78 + -31?
-9
Evaluate -3 + 8 - ((-2 - 28) + 10).
25
Calculate 0 - (55 + -59 + -10 + -5 + 0).
19
Calculate 30 + -8 + 343 + -308.
57
Calculate -4 - -12 - ((-18 - -14) + 36 + 56).
-80
Evaluate 4 + -41 + (6 - (-41 - -52)).
-42
Evaluate 0 + 5 + (31 - 38 